ose -10*z = -2*z - 776. What are the prime factors of z?
97
Suppose 5*a - 3*o + 19 = 0, 2*a + 4*o + 0*o - 8 = 0. Let b be (-4)/14 + a/(-7). Let h(v) = v**3 + 11. What are the prime factors of h(b)?
11
Let s(x) = 38*x**2 + 3*x - 1. What are the prime factors of s(1)?
2, 5
Suppose 5*k = 4*k + 3. Let l = 1 + k. Let f(h) = -h**2 + 6*h + 2. List the prime factors of f(l).
2, 5
Suppose 5*c + 5*w = 45, 2*w - 6*w + 12 = -2*c. Let b = 7 - c. Suppose -4*j + 3 = -b*j. What are the prime factors of j?
3
Let v = -27 + 44. List the prime factors of v.
17
Let h(w) = -6*w + 2. List the prime factors of h(-4).
2, 13
Let s(l) be the second derivative of -6*l**3 + l**2/2 + 6*l. What are the prime factors of s(-1)?
37
Suppose -2*k + 6 = 2*j, -2*j - k + 2 = -5. Suppose 38 = j*c - 6. List the prime factors of c.
11
Suppose -2*t = -0*t - 70. Let w = t - 24. What are the prime factors of w?
11
Let s = 3 - 2. Suppose 2*k = 9 - s. Suppose 6*u + j = 2*u + 40, -k*u + 3*j + 40 = 0. What are the prime factors of u?
2, 5
Let c(v) be the first derivative of -v**4/4 + 3*v**3 + 11*v**2/2 - 8*v + 5. What are the prime factors of c(10)?
2
Let v = 3 + -3. Suppose -5*f + v*t = -4*t - 40, 5*f - 2*t - 30 = 0. List the prime factors of f.
2
Let c(b) = b**3 - 6*b**2 - 4*b - 10. Let g be (-27)/(-3) + 2*-1. List the prime factors of c(g).
11
List the prime factors of (2 + -81 - 1)*(-10)/25.
2
Let h(t) = t**2 + 1. Let x be h(-2). Suppose -x*q = -3*q - 42. What are the prime factors of q?
3, 7
Let l(z) = -z**2 + 6. Let x be l(0). Let h be (8/6)/4*51. Let g = h - x. What are the prime factors of g?
11
Let z = -8 - -7. List the prime factors of 8/(0 - -2) + z.
3
What are the prime factors of (1 + (-2)/4)/(3/30)?
5
Suppose 2*g - x - 62 = 0, -4*g + 0*g + 3*x = -124. What are the prime factors of g?
31
Let o(p) be the first derivative of p**3/6 + p**2 - p + 2. Let q(z) be the first derivative of o(z). What are the prime factors of q(4)?
2, 3
Suppose 3*x + 19 - 61 = 0. Suppose -4*t - 3*g + x = -3*t, -20 = -4*t - 3*g. Suppose -5*p + 10 = 0, 26 = 3*d + t*d - 2*p. What are the prime factors of d?
2, 3
Suppose 0*q = q. Suppose q = i - 2*i. Suppose -5*a - 2*m + 20 = i, m + m = -3*a + 8. What are the prime factors of a?
2, 3
Suppose -4*u - 2*t = 2*t + 4, 2*t + 18 = 2*u. Let r = u + -2. Suppose o + 0*o - r = 0. What are the prime factors of o?
2
Let v = 5 + -3. Suppose -6*l + 212 = -v*l. Let t = l + -32. List the prime factors of t.
3, 7
Suppose 2*c - 813 + 65 = 0. What are the prime factors of c?
2, 11, 17
Let w(l) = l**3 + 6*l**2 + 6*l - 1. Let m be w(-5). List the prime factors of 12*1/(m/(-9)).
2, 3
Let k be ((-8)/(-6))/(6/(-18)). List the prime factors of ((-138)/9)/(k/6).
23
Let f(p) = -p**3 - 7*p**2 - 5*p + 2. Let b be f(-6). List the prime factors of (-45)/b - (-2)/(-8).
11
Suppose 34 - 10 = -3*w. What are the prime factors of 6/4*w/(-3)?
2
List the prime factors of -6*(-1)/(-3)*(-1 + -36).
2, 37
Let l = -82 + 193. What are the prime factors of l?
3, 37
Suppose 3*x + 2*y = 8, y - 3 = x + 1. Suppose -4*u = -3*k - u + 27, -25 = -5*k + u. Let l = k + x. What are the prime factors of l?
2
Suppose -k = -0*k + 5*d + 8, 4 = 3*k + d. Let f(v) = -v**k - v - 2 - 7 - 8*v. What are the prime factors of f(-6)?
3
Suppose k - 436 = -2*k - 5*h, 5*h + 324 = 2*k. What are the prime factors of k?
2, 19
Let i(s) be the first derivative of -s**2 + 7*s + 3. What are the prime factors of i(-8)?
23
Suppose -4*n = 3*l - n - 21, 5*n = 25. Suppose l*k + 0 = 18. List the prime factors of k.
3
Suppose 0 = -b + l + l + 14, -4*b + 4*l + 36 = 0. Let v be b/5*15/6. Suppose 3*f + p - 17 = 0, -v*f + 6 = -p - 7. List the prime factors of f.
2, 3
Suppose -s = 2*s. List the prime factors of -6*(9/(-6) - s).
3
Let y = 21 + -18. Suppose y*m = 4*m - 39. List the prime factors of m.
3, 13
Let j(a) = a - 8. Let p be j(-8). Let c be 1/4 + (-252)/p. Suppose -4*k + 0*k + c = 0. What are the prime factors of k?
2
Suppose 2*j - 20 = -2*j. Suppose 9 = -r - j*a + 73, 0 = -4*r - 5*a + 181. Suppose -2*c = 3*x - r, -2*c - c + 31 = 2*x. List the prime factors of x.
11
Suppose -3*o = -2*o. Suppose o = 2*x - 0*x + 16. What are the prime factors of (10 + 0)/(x/(-16))?
2, 5
Suppose 0 = -5*h - 5*u + 115, -5*h = -2*h - 4*u - 41. Suppose 2*m = -p, -5*p + h = m + 1. What are the prime factors of p?
2
Suppose -x = -10 + 4. Suppose 0 = 5*z - 9 - x. What are the prime factors of 6*-1*z/(-6)?
3
Let l(h) = 2*h - 12. Let j(r) = 2*r - 13. Let a(c) = -4*j(c) + 5*l(c). Let m be a(7). What are the prime factors of 10/1 - (4 - m)?
2, 3
Suppose -n - 15 = -x, -3*x = -0*x - 2*n - 49. Let d = -14 + x. What are the prime factors of d?
5
Let h(n) = -3 + 2*n - 5 + 0 + 3. What are the prime factors of h(7)?
3
Suppose 2*o + 1 - 7 = 0. Suppose 3*q - 8 = -5*c, 2*c = -5*q + o*c + 4. Let w = 10 + q. List the prime factors of w.
11
Let l = 19 + 28. List the prime factors of l.
47
Let j(g) = g**2 + 2*g - 11. What are the prime factors of j(8)?
3, 23
Let g(n) be the third derivative of 3/20*n**5 + 0 + 1/3*n**4 + 0*n + 1/120*n**6 - 2*n**2 + 5/6*n**3. What are the prime factors of g(-8)?
5
What are the prime factors of (-3)/4 - ((-3210)/24 - -4)?
3, 43
Let d = 16 - -9. Let a be 2 - d*1/(-1). Suppose 0 = -3*c + 21 + a. What are the prime factors of c?
2
Let g = 327 + -192. What are the prime factors of g?
3, 5
Suppose 4*x + 3*a - 281 = 0, 3*a = 5*x + 2*a - 356. Let h = x - 18. What are the prime factors of h?
53
Let s be (3/2 + -1)*8. Suppose -2*a = 3*a + 4*u - 37, -5*u = -s*a + 46. List the prime factors of a.
3
What are the prime factors of (-379)/(-2) + 24/16?
191
Let s = -10 - -16. Let a(u) = 1. Let b(l) = -3*l + 11. Let t(o) = 5*a(o) - b(o). What are the prime factors of t(s)?
2, 3
Suppose 8 = 3*p - 5*c - 8, 5*p + 3*c = 4. Let u(g) = 2 - 4*g + 5*g + 7*g + 0*g. List the prime factors of u(p).
2, 3
Suppose 6 = -5*f - j + 15, 0 = -5*f + j + 11. Suppose -3*u + 10 = -29. Suppose f*t = o + 3, 5*t + 4*o - u = o. What are the prime factors of t?
2
Let f(i) = -i**2 + i. Let u be f(0). Suppose -2*x - 31 - 25 = 4*z, 3*z - 2*x + 35 = u. Let n = -4 - z. List the prime factors of n.
3
Let k(u) = 23*u**2 - u + 1. List the prime factors of k(-2).
5, 19
Let y be 12/42 - (-729)/21. Suppose -y - 1 = -4*m. What are the prime factors of m?
3
Let o = 24 - 11. What are the prime factors of o?
13
Let z = -11 + 4. Let x(w) = 2*w + 3. Let y be x(-4). Let g = y - z. What are the prime factors of g?
2
Let p(v) = -v**2 - 9*v + 6. Let g be p(-5). Suppose -3*h + g = -h. Suppose -45 = -4*l - h. What are the prime factors of l?
2
Let w be ((-65)/(-10))/(1/2). Suppose -1 = 4*p - w. Let x = 5 - p. List the prime factors of x.
2
Let s(x) be the third derivative of -x**5/60 + 3*x**4/8 - 5*x**3/6 - 5*x**2. List the prime factors of s(7).
3
Suppose -3*a - a - 24 = -2*v, -5*v - 5 = 3*a. List the prime factors of v + (29 - 3) + 0.
2, 7
Suppose 4*n - 12 = 2*o, 0 = 2*o - 0*o + 4. Suppose 5*t - 2 = -n*r - 14, 4*r = t + 20. Suppose 5*p - 9 - 4 = v, -r*v - 5*p + 23 = 0. List the prime factors of v.
2
Let o(a) = a**3 + a**2 - a + 1. Suppose 0 = 5*r - 0*r. Let t be o(r). Suppose -3*l - t = -16. List the prime factors of l.
5
Let l(t) = t**3 + 2*t**2 - t. Let k be l(-2). List the prime factors of (6/k)/(30/40).
2
Let v = 13 + -21. Let o be (-1)/(-4) + (-22)/v. Suppose -6 = -o*b + 2*b. What are the prime factors of b?
2, 3
Let z be (3 + (-30)/9)*-3. Suppose -i - 9 = -5*p, 0 = 4*i - p + 2*p - 6. Let j = z + i. What are the prime factors of j?
2
Suppose 3*r = 4*u + 64, -u = 4*r - r - 74. Suppose -2*b = -0*b - r. List the prime factors of b.
2, 3
Let y = -164 + 384. List the prime factors of y.
2, 5, 11
Let r(d) = -2*d**3 + 2*d**2 - d. Let y be r(-2). Let i be ((-8)/3)/((-1)/(-6)). Let m = y + i. List the prime factors of m.
2, 5
Let j = 143 - 69. What are the prime factors of j?
2, 37
Let q(b) = b**3 - 5*b**2 - 7*b + 8. Let w be q(6). Suppose 0 = w*y + 3*y - 70. List the prime factors of y.
2, 7
Let y(g) = g**3 + 6*g**2 + 5*g + 7. Let f(z) = z**3 - 5*z**2 + 4*z + 2. Let j be f(4). Let x be j*-2 - (0 - -1). List the prime factors of y(x).
7
Let l(r) = 2 + 5*r**2 + 6*r**2 - 13*r + 2*r**3 - 6 - r**3. List the prime factors of l(-12).
2
Suppose 2 + 10 = 6*f. Suppose 4*k - 4*v = 140, -f*k + 177 = 3*k - 3*v. List the prime factors